 14 = -3*f - 5*j, -2*j = -2*f + 7*f - 2. Let c(n) = 2*n - 1. Let g be c(1). Let v = g + f. Calculate the greatest common factor of 21 and v.
3
Let v(y) = 30*y**2 - 3*y + 1. Let n = 13 + -11. Let m be v(n). What is the highest common divisor of 23 and m?
23
Suppose -4*y - 255 = 3*l, -3*l = -5*y - 0*l - 285. Let d be 1*y/(-3 + 1). Suppose -t + d = 2*t. What is the highest common divisor of t and 2?
2
Let n = 162 - 63. Calculate the highest common divisor of 9 and n.
9
Suppose 130 = 10*s + 30. What is the greatest common divisor of 60 and s?
10
Let x be (-2 + 1)/(14/(-28)). Let j be (-1 - 2)/(6/(-4)). Calculate the greatest common factor of j and x.
2
Suppose 8*h - 310 = -2*h. Calculate the greatest common factor of h and 217.
31
Suppose -2*i - 1 + 7 = 0. Calculate the highest common factor of i and 9.
3
Let x(j) = -j + 21. Let g be x(7). What is the highest common factor of 70 and g?
14
Suppose -3*a - 56 = -a. Let x = 39 + a. Calculate the highest common factor of x and 99.
11
Let u be 48*(-1 + 9/3). Suppose -u + 6 = -3*a. Suppose c = 3 + 3. What is the greatest common divisor of c and a?
6
Let z be 2 + 5*((-1264)/20)/(-4). Calculate the greatest common factor of 18 and z.
9
Let g(s) = -s + 3*s**2 - 3*s**2 + 2 + s**2. Let w be g(7). What is the greatest common divisor of w and 4?
4
Let g = -11 + 15. Let y = g - 1. Let m be -25*(y - (-36)/(-10)). What is the highest common factor of 30 and m?
15
Let i = 167 + -67. What is the highest common divisor of i and 20?
20
Let z = 12 - -2. Suppose 6*f = 3*f - 12. Let m = 6 + f. Calculate the greatest common divisor of z and m.
2
Let r(v) = -v**3 + 3*v**2 - v - 79. Let q(f) = -f**3 + f**2 - f - 1. Let g(p) = 2*q(p) - r(p). Let z be g(0). Calculate the greatest common divisor of 7 and z.
7
Suppose -5*q + 0*q - 5 = 0. Let r be (-118)/(-4) + q/(-2). Let j be (6/2)/(9/30). Calculate the highest common divisor of r and j.
10
Let k(m) = 36*m**2 + m + 1. Let t be k(-2). Suppose 0 = -4*p - 3*o + 55, -4*o + 6 = 4*p - 50. Calculate the greatest common divisor of p and t.
13
Let i(y) = -y**2 - 4*y + 6. Let s be i(-5). Let k = 23 - 11. Let j be k/8*(-28)/(-6). What is the highest common factor of j and s?
1
Let l be (-2)/9 + (-1152)/(-81). Let o be ((-396)/l)/(5/(-35)). Let d = -30 - -48. Calculate the highest common factor of o and d.
18
Suppose 4*l + 5*f - 58 + 5 = 0, 2*l - 21 = 3*f. Calculate the greatest common factor of 108 and l.
12
Suppose 50 = 2*r - 3*n, -5*r + 130 = -8*n + 3*n. Calculate the greatest common divisor of 21 and r.
7
Let u(t) = 6*t + 3*t + 1 - 4*t**2 - 5*t + t**3 + 1. Let j be u(4). What is the greatest common factor of j and 9?
9
Suppose -8*o + 9*o - 3 = 0. Suppose 3*w - 7*w + 5*y + 23 = 0, -o*w = 3*y + 3. What is the greatest common divisor of w and 16?
2
Suppose -4*b + 36 = -2*w, 2*b + b + 3*w = 9. Let s = 71 + 312. Suppose -2*h + s = 2*a + 3*a, a = 3*h + 80. Calculate the greatest common divisor of b and a.
7
Let n(l) = -l**2 - l + 105. Let c = 20 - 20. Let r be n(c). Calculate the greatest common factor of 15 and r.
15
Let j(y) = -y**2 + 34*y - 15. Let a be j(25). What is the highest common factor of 42 and a?
42
Let a(u) = u**2 - 9*u - 16. Let r be a(11). Calculate the greatest common divisor of r and 6.
6
Suppose 0 = -2*w + w + 31. What is the highest common factor of w and 31?
31
Let i be (1/2)/((-1)/(-2)). Let y be (-2 - -20)*i/3. Suppose -y - 2 = -p. Calculate the greatest common factor of 2 and p.
2
Let o = 12 + 8. Calculate the highest common factor of o and 40.
20
Let k = 3 - -11. Calculate the greatest common factor of k and 126.
14
Let o = 22 + -10. Calculate the highest common factor of 216 and o.
12
Let u(r) = r + 11. Let y be u(-10). Let k be y/(-2)*39*-2. What is the highest common factor of k and 13?
13
Let o be 2/4 - (-40)/16. Suppose s = -4*n - 16, o*n + 16 = 1. What is the highest common factor of s and 8?
4
Let u = 8 - 6. Let o be 48/5 - (-4)/10. Suppose 0 = g - 8 - o. What is the greatest common factor of u and g?
2
Let p = -113 - -191. Calculate the greatest common factor of p and 26.
26
Let i be 5/(-25) - (-1282)/10 - 2. What is the highest common factor of 42 and i?
42
Suppose -5*z + i - 6*i = -55, -68 = -4*z + 4*i. What is the highest common factor of z and 42?
14
Let d(s) = 4*s - 3. Let w be d(2). Suppose -m + 16 = -2*o, -3*o + 5*o = w*m - 96. Calculate the greatest common factor of m and 4.
4
Suppose 4*y + y + 31 = 2*s, -s + 2*y = -16. Suppose 0*r + 9 = 4*w + r, -w = -5*r - s. Calculate the greatest common divisor of w and 24.
3
Suppose -o - 4*q + 58 = 0, -6*o + 4*o = 2*q - 128. Calculate the highest common divisor of 6 and o.
6
Let z = -39 - -63. Let n be (2 + -1 - -35) + 0. Calculate the highest common factor of z and n.
12
Let v be (12/(-9))/((-1)/(-6)). Let k = 4 - v. Calculate the greatest common divisor of 4 and k.
4
Let h(o) = o**3 - 3*o**2 - 5*o + 4. Let p be h(4). Suppose 0 = -p*f - 3*f + 288. What is the highest common divisor of f and 12?
12
Let f(o) = o**3 + 3*o**2 - 8*o - 11. Let q be f(-4). Calculate the highest common divisor of q and 1.
1
Let f = -24 - -93. What is the greatest common factor of f and 3?
3
Suppose 7 = 4*f - 4*t - 1, 5*f - 4*t - 8 = 0. Suppose 4*h - 100 + 16 = f. Calculate the highest common divisor of 21 and h.
21
Let s = 0 - -1. Calculate the highest common factor of 7 and s.
1
Suppose 0*c - c - 5 = 0, 2*u - 155 = -5*c. Calculate the highest common factor of 225 and u.
45
Let u = 56 - 26. What is the highest common divisor of u and 75?
15
Let v = 193 + -107. Suppose 2*m + m = 2*x + v, -4*m - 2*x = -96. Calculate the greatest common divisor of m and 26.
26
Suppose 93 = 2*w - 3*p, -w = 2*p - 15 - 35. Calculate the greatest common factor of 16 and w.
16
Let o(c) = -c + 7. Let g be o(5). Suppose -p - 3 = 2*k, -g*k = -p - p + 18. Suppose 0*l - 50 = -p*l. What is the highest common divisor of 20 and l?
10
Let n = -4 + 49. Suppose n = 2*w - 7. What is the greatest common factor of w and 78?
26
Suppose 4*f - y - 165 = 0, -f - 5*y + y = -20. Calculate the greatest common factor of f and 8.
8
Let l(z) = z**2 - z + 8. Let a be l(-4). What is the highest common factor of 4 and a?
4
Suppose -17*l - 4*k + 11 = -14*l, -l + 3*k + 8 = 0. Let n = -1 - -2. What is the highest common divisor of l and n?
1
Suppose -4 = y + 10. Let m = 49 - y. Calculate the highest common divisor of 7 and m.
7
Let m(t) = t**3 - 2*t**2 - 5*t + 5. Let h be m(4). Suppose -3*j = b - 30 - 171, j - 3*b = 77. Calculate the greatest common factor of j and h.
17
Suppose -4*w = -2*b + w + 26, 7 = -3*b - 4*w. What is the greatest common factor of 27 and b?
3
Let t = -27 - -56. Let h = -18 + t. What is the greatest common factor of 22 and h?
11
Let w = 44 - 28. Let j = 6 - 3. Let m be (-8)/j*(-15)/1. Calculate the greatest common factor of w and m.
8
Suppose 617 = 15*i - 238. Calculate the greatest common factor of 95 and i.
19
Suppose 3*k + 1167 = 4*s, 2*s - 2*k = -3*s + 1464. Calculate the greatest common factor of 42 and s.
42
Let z(a) = a**3 + 5*a**2 - a + 2. Let t be z(-4). What is the greatest common divisor of 2 and t?
2
Suppose -212 = -2*x + 94. What is the highest common divisor of x and 17?
17
Suppose 11 + 13 = 2*p. Let k = 16 + p. What is the highest common factor of k and 7?
7
Let t(u) = 11*u - 11. Let d be t(9). Calculate the highest common factor of 11 and d.
11
Suppose 0 = 2*s + 5*r - 62, -4*s + 3*s = r - 28. Calculate the highest common factor of s and 208.
26
Let q = -26 - -42. Calculate the highest common factor of q and 48.
16
Suppose 3*j - 126 = -5*r + 162, 4*j + 136 = 2*r. Let v = r + -30. What is the greatest common factor of 75 and v?
15
Suppose 2*h + 5*n = 25, -3*h + 4*n = 5*n - 57. Calculate the highest common factor of h and 220.
20
Let a(p) = -p**2 + 3. Let v be a(0). Suppose 0 = -v*l + 4*l - 22. Suppose -o + 99 = -l. What is the highest common divisor of o and 11?
11
Let f(u) = u**2 + 2*u + 3. Let l be f(5). Suppose -g - 5*i = -l, 3*i + i - 16 = 0. What is the greatest common factor of g and 6?
6
Suppose -4*s + 42 + 0 = 5*t, -18 = -2*t - s. What is the greatest common factor of 15 and t?
5
Suppose -4*p = -155 - 289. What is the greatest common divisor of 74 and p?
37
Suppose p + 3*p - 124 = 0. Let y be (-385)/165 - (-2060)/6. Calculate the greatest co